491.
3, 7, 107, 209917
What are the prime factors of 362866392?
2, 3, 7, 79997
List the prime factors of 2176909622.
2, 47, 79, 293147
List the prime factors of 1948290961.
109, 17874229
What are the prime factors of 17138700?
2, 3, 5, 137, 139
List the prime factors of 34447069.
34447069
What are the prime factors of 1977770183?
101, 113, 173291
What are the prime factors of 1983256622?
2, 20771, 47741
What are the prime factors of 115606453?
7309, 15817
List the prime factors of 52366345.
5, 3167, 3307
What are the prime factors of 92285806?
2, 859, 53717
What are the prime factors of 375868861?
17, 67, 329999
List the prime factors of 55055515.
5, 11011103
What are the prime factors of 145526092?
2, 19, 1914817
List the prime factors of 13894720.
2, 5, 7, 6203
What are the prime factors of 443948351?
7, 11, 5765563
List the prime factors of 48731060.
2, 5, 7, 89, 3911
What are the prime factors of 89328177?
3, 19, 58043
What are the prime factors of 3710103?
3, 1236701
What are the prime factors of 2335273?
17, 137369
List the prime factors of 19199968.
2, 599999
What are the prime factors of 873843752?
2, 8117, 13457
What are the prime factors of 58293869?
811, 71879
List the prime factors of 854135400.
2, 3, 5, 307, 4637
List the prime factors of 254389208.
2, 37, 859423
What are the prime factors of 9166152?
2, 3, 617, 619
What are the prime factors of 168038089?
168038089
What are the prime factors of 3245523892?
2, 13, 1279, 48799
List the prime factors of 1741740255.
3, 5, 79, 489941
What are the prime factors of 2184682590?
2, 3, 5, 79, 34141
What are the prime factors of 5758797813?
3, 1919599271
What are the prime factors of 27657565?
5, 13, 425501
List the prime factors of 247618895.
5, 49523779
List the prime factors of 772878748.
2, 193219687
What are the prime factors of 2570194105?
5, 514038821
List the prime factors of 1029765011.
11, 3011, 31091
What are the prime factors of 496384592?
2, 11, 113, 2269
List the prime factors of 96230311.
1069, 90019
List the prime factors of 1217268901.
17, 71604053
List the prime factors of 37371452.
2, 9342863
What are the prime factors of 343625462?
2, 171812731
What are the prime factors of 1964640495?
3, 5, 4021, 32573
What are the prime factors of 13272714?
2, 3, 7, 13, 37, 73
List the prime factors of 4061330.
2, 5, 7, 13, 4463
List the prime factors of 732804784.
2, 31, 47659
What are the prime factors of 1744634574?
2, 3, 67, 1446629
What are the prime factors of 2718200874?
2, 3, 79, 5734601
What are the prime factors of 172928024?
2, 21616003
List the prime factors of 647162893.
13, 37, 1345453
List the prime factors of 1550998608.
2, 3, 59, 281, 1949
What are the prime factors of 174683117?
7, 173, 144247
What are the prime factors of 541801935?
3, 5, 43, 280001
What are the prime factors of 3728985?
3, 5, 13, 1471
What are the prime factors of 781365416?
2, 13, 31, 103, 181
List the prime factors of 2241122743.
29303, 76481
What are the prime factors of 84154235?
5, 11, 1530077
List the prime factors of 95855511.
3, 2741, 11657
List the prime factors of 25437565.
5, 1531, 3323
List the prime factors of 880206701.
11, 80018791
List the prime factors of 8908052.
2, 43, 67, 773
List the prime factors of 1936848918.
2, 3, 322808153
What are the prime factors of 6172116375?
3, 5, 47, 350191
List the prime factors of 40170368.
2, 7, 107, 419
List the prime factors of 48508161.
3, 13, 109, 11411
List the prime factors of 90452360.
2, 5, 2261309
List the prime factors of 481680685.
5, 19, 71, 71413
What are the prime factors of 3395421521?
53, 7727, 8291
What are the prime factors of 61155382?
2, 907, 33713
List the prime factors of 5768236205.
5, 563, 2049107
List the prime factors of 374323969.
17, 22019057
List the prime factors of 87743073.
3, 11, 2658881
What are the prime factors of 56042474?
2, 28021237
List the prime factors of 88639739.
73, 491, 2473
List the prime factors of 2271816375.
3, 5, 23, 263399
What are the prime factors of 2146897521?
3, 29, 2741887
List the prime factors of 431399586.
2, 3, 71899931
What are the prime factors of 835677740?
2, 5, 1571, 26597
List the prime factors of 363750979.
233, 1561163
List the prime factors of 76423450.
2, 5, 1528469
List the prime factors of 1522529727.
3, 8887, 57107
What are the prime factors of 25697498?
2, 12848749
List the prime factors of 458913641.
23, 491, 40637
List the prime factors of 404742368.
2, 73, 173263
List the prime factors of 20516687.
41, 83, 6029
List the prime factors of 792848374.
2, 31, 12787877
List the prime factors of 174422968.
2, 21802871
List the prime factors of 62978121.
3, 2332523
What are the prime factors of 33526770?
2, 3, 5, 859, 1301
What are the prime factors of 8989162745?
5, 739, 2432791
What are the prime factors of 35077673?
41, 257, 3329
List the prime factors of 135861388.
2, 13, 2612719
List the prime factors of 8607212778.
2, 3, 17, 229, 368491
List the prime factors of 647348007.
3, 215782669
List the prime factors of 2044046232.
2, 3, 9463177
What are the prime factors of 1969908161?
13, 151531397
List the prime factors of 1677240191.
11, 521, 292661
What are the prime factors of 124381357?
307, 379, 1069
List the prime factors of 62898.
2, 3, 11, 953
List the prime factors of 3296463555.
3, 5, 7, 11, 73, 39097
What are the prime factors of 1209448604?
2, 7, 13, 79, 137, 307
What are the prime factors of 1796424550?
2, 5, 2383, 15077
What are the prime factors of 3595466097?
3, 133165411
What are the prime factors of 4394902700?
2, 5, 43949027
List the prime factors of 4157173806.
2, 3, 25121, 27581
What are the prime factors of 84490822?
2, 13, 23, 6143
List the prime factors of 202065193.
11, 3931, 4673
What are the prime factors of 2029961404?
2, 733, 692347
List the prime factors of 2672497227.
3, 149, 439, 13619
What are the prime factors of 1839170105?
5, 101, 1811, 2011
List the prime factors of 1302955262.
2, 7, 109, 853837
List the prime factors of 34977372.
2, 3, 557, 5233
List the prime factors of 178417279.
23, 311, 24943
List the prime factors of 283370600.
2, 5, 29, 48857
What are the prime factors of 24565960?
2, 5, 47, 73, 179
What are the prime factors of 325689007?
7, 31, 1500871
What are the prime factors of 84695197?
84695197
List the prime factors of 3697295966.
2, 7, 13, 17, 37, 32297
List the prime factors of 32863308.
2, 3, 727, 3767
What are the prime factors of 303884531?
1801, 168731
List the prime factors of 182893445.
5, 7, 5225527
List the prime factors of 14418497.
3323, 4339
List the prime factors of 501008187.
3, 4523, 36923
What are the prime factors of 4595541186?
2, 3, 19961, 38371
What are the prime factors of 50792524?
2, 47, 73, 3701
List the prime factors of 817149276.
2, 3, 83, 91159
What are the prime factors of 228860860?
2, 5, 47, 243469
What are the prime factors of 196503662?
2, 19, 83, 62303
List the prime factors of 176771679.
3, 7, 8417699
What are the prime factors of 140261528?
2, 11, 43, 101, 367
List the prime factors of 1927270264.
2, 13931, 17293
List the prime factors of 25896680.
2, 5, 647417
What are the prime factors of 2244277330?
2, 5, 8387, 26759
List the prime factors of 79665020.
2, 5, 409, 9739
What are the prime factors of 1482382139?
7, 59, 389, 9227
List the prime factors of 166095767.
71, 1249, 1873
What are the prime factors of 10146464?
2, 317077
What are the prime factors of 4722758111?
4722758111
List the prime factors of 30464077.
7, 89, 107, 457
List the prime factors of 281210840.
2, 5, 787, 8933
List the prime factors of 687693931.
61, 113, 99767
What are the prime factors of 377303056?
2, 13, 61, 131, 227
List the prime factors of 68790308.
2, 17197577
List the prime factors of 67948964.
2, 389, 43669
List the prime factors of 11743657.
397, 29581
What are the prime factors of 2181223645?
5, 641, 680569
What are the prime factors of 1067403425?
5, 11, 3881467
List the prime factors of 116571929.
116571929
List the prime factors of 2278201519.
11, 647, 320107
What are the prime factors of 253068296?
2, 13, 19, 89, 1439
List the prime factors of 62633010.
2, 3, 5, 11, 189797
List the prime factors of 57290966.
2, 19, 1507657
List the prime factors of 1433714346.
2, 3, 17, 4685341
List the prime fac